 Suppose -2*k - a = -3*k - 59, -4*a - 142 = q*k. Is 2/(2 + 0) - k prime?
False
Suppose 6*g - 152 = -2*g. Is g a composite number?
False
Suppose -876 = -2*c + 800. Suppose -2*x = -0*x - c. Is x a prime number?
True
Let a = 55 + -142. Let n = 46 - a. Is n a composite number?
True
Suppose -3*s = 2*g - 0*g - 104, -118 = -3*g + 5*s. Is g composite?
True
Let i be 6/(-4) + 36/8. Suppose -6*p = -i*p - 561. Is p composite?
True
Suppose -3*d - 3 = -66. Let z be d/((-3)/6*3). Let k = z - -28. Is k a prime number?
False
Let g be 0/((-3 + 1)*1). Suppose 6 = d - g. Let m(r) = 3*r**2 - 2*r - 5. Is m(d) a prime number?
False
Let l(r) be the third derivative of r**6/360 + r**5/120 + r**4/8 - r**2. Let y(q) be the second derivative of l(q). Is y(1) composite?
False
Let p(q) = 24*q + 7. Let g be 4/2 - 6/(-2). Is p(g) prime?
True
Let q = 1 - -3. Suppose -q*u - 4*n + 1276 = 240, -2*u + 524 = 5*n. Is u prime?
True
Suppose 61 - 417 = -4*u. Is u composite?
False
Let w = -22 + -106. Let g = 219 + w. Is g a composite number?
True
Suppose 8 = -4*k - 8, -k = n + 62. Let w = -15 - n. Is w composite?
False
Suppose 7*o = 2*o + 665. Is o composite?
True
Let y(w) = w**3 - 5*w**2 + 11*w - 6. Is y(9) a composite number?
True
Suppose -10*i = -9*i - 251. Is i prime?
True
Let o = -362 + 721. Is o prime?
True
Suppose k = -4*i + 3, 1 = 4*i + 5*k + 2. Is (1 + i)/(2/31) composite?
False
Let l(r) = -r**2 - 5*r - 5. Let i be l(-4). Is 26*((-2)/4)/i a composite number?
False
Let i(w) = -w**2 - w - 2. Let o be i(3). Is (844/6)/(o/(-21)) a prime number?
True
Suppose 9*q = 3*q + 2958. Is q a composite number?
True
Suppose 0*b = -5*b - 5*r, 3 = r. Is 165/(1*b)*-1 composite?
True
Let y be (0 - 2)*30/4. Let t be 12/y*(-15)/6. Suppose t*f - 30 = -f. Is f a composite number?
True
Suppose -5*y + 2*y - 3*r = 3132, -2*y = -2*r + 2072. Is -3 + 9/((-36)/y) a composite number?
False
Suppose -4*w + 1810 = -2778. Is w a composite number?
True
Suppose 0*a = 2*a. Suppose 5*o = -a*f + f + 611, 2*f = 3*o - 361. Is o a prime number?
False
Suppose g - 3*g = -m + 9, 0 = -m + g + 5. Let j(h) = -3*h + 2. Let b be j(-4). Suppose b = q - m. Is q a composite number?
True
Suppose -4*q + 108 = -152. Is q a prime number?
False
Let d be 0*(15/(-6))/(-5). Suppose -3*x + 2*h = -69, h + 2 + 1 = d. Is x a prime number?
False
Let k = -4 + 6. Suppose -30 = -2*q - k*n + 8, -4*q + 4*n + 76 = 0. Is q a prime number?
True
Let x be (-1 - 2)/(6/(-16)). Is ((-308)/x)/(1/(-2)) composite?
True
Let g(u) be the third derivative of -9*u**4/8 - 2*u**3/3 + 3*u**2. Is g(-3) a prime number?
False
Let r = 121 - 33. Suppose x = -9 + r. Is x a prime number?
True
Let s(t) = -t**3 - 6*t**2 - 7*t + 7. Is s(-6) prime?
False
Let h be ((-2 - -4) + -1)*0. Suppose -15 = 5*s, 3*v = -h*v + 2*s + 9. Is 1*(v*-2 - -303) a prime number?
False
Is (0 + -46)/(-2)*3 a composite number?
True
Let i(o) = -50*o**3 - o. Let g = -4 + 4. Suppose 2 = -g*p - 2*p. Is i(p) a prime number?
False
Suppose 0 = 3*p - t - 50, 28 = p + p - 2*t. Let q = 12 - p. Let b(h) = -h**3 - 3*h**2 + 6*h + 5. Is b(q) a prime number?
False
Suppose d = -d + 2. Let m be (d - -3) + 0 + -2. Suppose q - m*q = -163. Is q a composite number?
False
Is (0 - 1)/(2/(-830)) a prime number?
False
Suppose -3*v - 14 = -g, 2*v + 2*v = 2*g - 18. Is -5*(696/(-15) + g) prime?
False
Suppose -626 = -4*k + 4202. Is k a composite number?
True
Let l(z) = 7*z**3 - 1. Let q be l(1). Suppose 22 = 2*i - q. Is i a prime number?
False
Let n(t) = -t**2 + t. Let c(u) = 25*u**2 - 3*u - 1. Let l(g) = c(g) + 3*n(g). Is l(2) prime?
False
Is 4/22 - 0 - 2205/(-33) composite?
False
Suppose -2564 = -2*q - 2*c - c, 2*q + c = 2564. Is q prime?
False
Suppose -3*q - 4 - 1 = 2*f, 0 = f + 3*q + 7. Is (232 - -6)*1/f prime?
False
Suppose 0 = -4*h + 5*w + 897, -4*h + 2*w + 448 = -2*h. Is h a prime number?
True
Suppose 5*x - 10 = 0, -5*l + 0*l - 3*x = -5761. Is l prime?
True
Let v be 10*((-3)/(-6) + 0). Let p(w) = -9*w**2 + 5*w - 1. Let t(d) = -19*d**2 + 11*d - 1. Let s(m) = -5*p(m) + 2*t(m). Is s(v) a composite number?
False
Let b(u) = u**3 + 4*u**2 - 5*u - 1. Let y be b(-5). Let r(i) = -32*i - 1. Is r(y) prime?
True
Let j be (-542)/4 + (-3)/(-2). Let u = -7 - j. Is u a composite number?
False
Suppose -2*u + 5*u = 471. Is u a composite number?
False
Let x(d) = -12*d + 1. Let y be x(-3). Suppose c = -0*c + y. Is c composite?
False
Suppose -2*n = -2, 0 = 5*t + 3*n + 34 - 7. Let u be 1 + 4/(-6)*t. Is (2/4)/(u/470) a composite number?
False
Suppose y = t - 6*t + 606, 0 = t + 3*y - 124. Is t a composite number?
True
Suppose -w = 1 - 2, 2*s - 5*w - 2379 = 0. Let b = s + -610. Is (b/8)/(-3)*-4 a prime number?
True
Let v = 0 - -7. Let p(d) = -3*d - 1. Let a be p(v). Is (-1)/(1 - (-23)/a) a prime number?
False
Is (652/(-16))/(2/(-8)) composite?
False
Suppose -2 = -2*s + 2*o, 4*o = 8*o + 4. Suppose 0 = -q - s*q + 355. Is q a composite number?
True
Suppose -4*x + 55 + 533 = 0. Suppose -5*w = x + 1003. Is w/5*(-1)/1 a prime number?
False
Let n(w) = 383*w**2 - 2*w - 5. Is n(-2) prime?
True
Suppose 5*r - 11 = 4. Suppose r*b = -b. Let i = b - -3. Is i a composite number?
False
Let m be 3 - (1 - 3/1). Suppose m*i - u = 3*i + 102, -3*u - 147 = -3*i. Is i composite?
False
Let l be 3/(4 - 1) - -1. Is (-8030)/(-70) - l/(-7) a composite number?
True
Let w(z) = -19*z**3 + z**2 - 2*z. Let a be w(-2). Suppose -q - l - 12 + 87 = 0, 2*q - a = 3*l. Is q a composite number?
True
Let z be 1/3 + (-1)/3. Suppose u = -z*h + h - 3, 0 = 2*u + 3*h - 19. Suppose 0 = u*o - 41 - 1. Is o a prime number?
False
Let w(k) = -12*k - 29. Is w(-7) composite?
True
Let t(l) = -5*l**2 + 1. Let o be t(1). Let p(v) = -18*v - 5. Is p(o) prime?
True
Suppose 29 = 4*x - 19. Let m be 4/(-24) - (-26)/x. Is (2 - (m - 147)) + -2 a prime number?
False
Let y(w) = 53*w**2 - 3*w - 3. Let r be y(-3). Suppose -3*z - r = -6*z. Is z composite?
True
Let i(f) = 3*f**3 - 13*f**2 + 2*f - 11. Is i(9) a prime number?
False
Suppose -4*v + 50 = -0*t - 2*t, t = -5*v + 59. Suppose 4*r = 4*w - v, -w = 2*w + 3*r - 27. Suppose j - w*j = -15. Is j composite?
False
Let o(x) = -x. Let c(q) = 91*q + 1. Let j(p) = c(p) - 3*o(p). Let a be -1 + -1 + 1 - -2. Is j(a) a prime number?
False
Let v = 105 - 72. Let g = 17 - 12. Let k = v + g. Is k a prime number?
False
Suppose -2*s = -3*x + 73, -s = 3*s - 3*x + 131. Let c be s/3 + (-4)/(-6). Let u = c - -19. Is u prime?
False
Let m(f) = 20*f**2 + 8*f + 31. Is m(11) composite?
False
Suppose -2*y = -0*y - 10. Suppose 10 = -4*m - y*v + 31, -4*m - 4*v = -16. Let w = 34 + m. Is w composite?
True
Let b be (-2 - 0)/(4/42). Let x = b + 37. Suppose 0 = -g + 5 + x. Is g a composite number?
True
Let x = -13 - -10. Is (21/6 + x)*134 prime?
True
Let v(d) = d**3 - 8*d**2 + 8*d - 9. Let s be v(7). Let u be 86/(-7) + 2/7. Let y = s - u. Is y prime?
False
Let m(o) = 5*o**2 - 3*o + 3. Let k be m(3). Suppose -903 = -5*f - 4*l, f - l - k = 147. Is f a prime number?
False
Let f = -7 - -11. Is ((-10)/(-3))/(f/114) a prime number?
False
Suppose 0*l = -3*l + 3. Suppose 0 = r - 4*m - 14 + l, -2*m = -10. Is r a prime number?
False
Suppose -3*n + 4685 = 2*q, 0 = -n - 2*q + 873 + 694. Is n a composite number?
False
Suppose -3*p + 5*p = 3*u + 186, 0 = -u - 2. Is 2/(-4) - p/(-4) prime?
False
Suppose 2*v = -0 + 2. Let u = v - -1. Suppose -u*r - 60 = -218. Is r composite?
False
Let q(l) = -3 + 4*l**3 - 2*l**3 + 4*l - 9*l**2 - l**3. Let v be 234/27 - 1/(-3). Is q(v) a composite number?
True
Let j(i) = 2*i**2 - 4*i + 11. Is j(-15) a prime number?
True
Suppose -7*v + 3*v + 564 = 0. Suppose 2*u = -86 - 102. Let g = v + u. Is g a prime number?
True
Let s = 1976 + -1021. Is s a composite number?
True
Suppose -1054 = -2*o + 4*m, -1567 = -2*o - m - 528. Is o a composite number?
False
Let a(m) = 43*m**2 + 5*m - 13. Is a(4) a composite number?
True
Let m(f) = f. Let o(g) = 36*g + 7. Let w(a) = 3*m(a) - o(a). Is w(-6) prime?
True
Let n be (1 + 5)*3/9. Is 309 + ((-2)/n - 3) composite?
True
Let r(x) = -4*x**3 + 9*x**2 + 8*x - 8. Let w(i) = 5*i**3 - 8*i**2 - 8*i + 9. Let s(c) = 4*r(c) + 3*w(c). Is s(12) composite?
True
Suppose 5*r + 18 = -2. Is -2*2*19/r composite?
False
Let h be 0 + (0 - 5)*-1. Suppose -4*i - h*k + 93 = 0, -4*i + 3*k + 53 + 32 = 0. Is i composite?
True
Let y = -22 - -66. Let l = 63 - y. Is l prime?
True
L